55?
3, 5, 59, 12323
List the prime factors of 19040160.
2, 3, 5, 39667
List the prime factors of 313161.
3, 47, 2221
What are the prime factors of 426146?
2, 7, 61, 499
What are the prime factors of 5299340?
2, 5, 257, 1031
List the prime factors of 2359140.
2, 3, 5, 7, 41, 137
What are the prime factors of 394695?
3, 5, 7, 179
What are the prime factors of 326400?
2, 3, 5, 17
What are the prime factors of 297993?
3, 17, 5843
What are the prime factors of 1548887?
17, 179, 509
What are the prime factors of 895424?
2, 17, 823
List the prime factors of 3113831.
7, 444833
List the prime factors of 436769.
29, 15061
What are the prime factors of 1635789?
3, 269, 2027
What are the prime factors of 1229559?
3, 17, 24109
List the prime factors of 391161.
3, 23, 5669
What are the prime factors of 388134?
2, 3, 21563
List the prime factors of 21894811.
541, 40471
List the prime factors of 11215656.
2, 3, 155773
List the prime factors of 810164.
2, 67, 3023
What are the prime factors of 4007594?
2, 19, 263, 401
What are the prime factors of 13049619?
3, 11, 395443
What are the prime factors of 191363?
31, 6173
List the prime factors of 361952.
2, 11311
List the prime factors of 1234666.
2, 617333
What are the prime factors of 50985?
3, 5, 11, 103
List the prime factors of 827313.
3, 97, 2843
What are the prime factors of 575558?
2, 41, 7019
List the prime factors of 818817.
3, 191, 1429
What are the prime factors of 17965695?
3, 5, 11, 108883
List the prime factors of 649436.
2, 162359
List the prime factors of 13926842.
2, 17, 157, 2609
What are the prime factors of 188274?
2, 3, 31379
List the prime factors of 2223117.
3, 13, 19001
What are the prime factors of 503915?
5, 97, 1039
List the prime factors of 438821.
17, 83, 311
List the prime factors of 210197.
13, 19, 23, 37
List the prime factors of 569741.
101, 5641
What are the prime factors of 2892746?
2, 313, 4621
What are the prime factors of 286676?
2, 13, 37, 149
What are the prime factors of 11787234?
2, 3, 557, 3527
What are the prime factors of 4478285?
5, 7, 127951
List the prime factors of 739743.
3, 191, 1291
What are the prime factors of 177540?
2, 3, 5, 11, 269
What are the prime factors of 2383051?
11, 216641
List the prime factors of 3237.
3, 13, 83
What are the prime factors of 130403?
7, 13, 1433
List the prime factors of 17212237.
7, 2458891
What are the prime factors of 24079043?
24079043
List the prime factors of 566238.
2, 3, 19, 4967
What are the prime factors of 46106?
2, 23053
List the prime factors of 465045.
3, 5, 7, 43, 103
List the prime factors of 12386.
2, 11, 563
What are the prime factors of 6064783?
6064783
What are the prime factors of 12861666?
2, 3, 79393
What are the prime factors of 602898?
2, 3, 100483
List the prime factors of 2935606.
2, 263, 5581
What are the prime factors of 256659?
3, 13, 6581
What are the prime factors of 373058?
2, 7, 26647
List the prime factors of 3409389.
3, 378821
List the prime factors of 534998.
2, 31, 8629
What are the prime factors of 477488?
2, 11, 2713
List the prime factors of 300526.
2, 17, 8839
What are the prime factors of 625930?
2, 5, 53, 1181
What are the prime factors of 17647403?
107, 131, 1259
What are the prime factors of 1678356?
2, 3, 23, 2027
List the prime factors of 3217630.
2, 5, 13, 53, 467
What are the prime factors of 1047235?
5, 7, 29921
List the prime factors of 18655.
5, 7, 13, 41
List the prime factors of 1338051.
3, 11, 13, 3119
List the prime factors of 7915472.
2, 17, 29101
What are the prime factors of 6556009?
239, 27431
What are the prime factors of 1472221?
31, 47491
What are the prime factors of 7314379?
269, 27191
What are the prime factors of 29633?
29633
What are the prime factors of 14619322?
2, 19, 384719
What are the prime factors of 888618?
2, 3, 29, 5107
What are the prime factors of 1324297?
13, 101869
What are the prime factors of 669744?
2, 3, 4651
What are the prime factors of 9894797?
11, 31, 29017
List the prime factors of 6734551.
53, 283, 449
List the prime factors of 3204732.
2, 3, 29, 9209
What are the prime factors of 3115871?
11, 2341
List the prime factors of 2733932.
2, 683483
List the prime factors of 1102944.
2, 3, 11489
What are the prime factors of 17183168?
2, 268487
List the prime factors of 26967665.
5, 43, 2917
What are the prime factors of 19987685?
5, 1019, 3923
What are the prime factors of 2388412?
2, 13, 23, 1997
What are the prime factors of 884824?
2, 110603
What are the prime factors of 360261?
3, 11, 1213
List the prime factors of 107210.
2, 5, 71, 151
List the prime factors of 802009.
13, 17, 19, 191
List the prime factors of 4629021.
3, 1543007
List the prime factors of 9742556.
2, 31, 78569
What are the prime factors of 620936?
2, 77617
What are the prime factors of 36648?
2, 3, 509
What are the prime factors of 3241933?
3241933
List the prime factors of 4348000.
2, 5, 1087
List the prime factors of 281238.
2, 3, 19, 2467
List the prime factors of 12334619.
11, 101939
List the prime factors of 121473.
3, 11, 409
List the prime factors of 67342.
2, 11, 3061
List the prime factors of 140504.
2, 7, 13, 193
List the prime factors of 98834.
2, 49417
List the prime factors of 1530750.
2, 3, 5, 13, 157
What are the prime factors of 85505?
5, 7, 349
List the prime factors of 284233.
284233
List the prime factors of 907871.
907871
List the prime factors of 4602586.
2, 2301293
List the prime factors of 818901.
3, 90989
What are the prime factors of 161457?
3, 53819
List the prime factors of 4223412.
2, 3, 17, 67, 103
What are the prime factors of 537836?
2, 13, 10343
What are the prime factors of 61560?
2, 3, 5, 19
What are the prime factors of 9012889?
9012889
List the prime factors of 954207.
3, 59, 599
What are the prime factors of 876509?
61, 14369
What are the prime factors of 1977960?
2, 3, 5, 53, 311
List the prime factors of 32390889.
3, 10796963
What are the prime factors of 16707?
3, 5569
What are the prime factors of 2407886?
2, 13, 37, 2503
What are the prime factors of 5919450?
2, 3, 5, 19, 31, 67
List the prime factors of 3832168.
2, 23, 59, 353
List the prime factors of 84466.
2, 157, 269
List the prime factors of 88914.
2, 3, 7, 29, 73
List the prime factors of 11568087.
3, 37, 34739
What are the prime factors of 1419101?
643, 2207
What are the prime factors of 3594876?
2, 3, 19, 15767
List the prime factors of 4288981.
17, 252293
List the prime factors of 194974.
2, 13, 7499
What are the prime factors of 15494188?
2, 71, 89, 613
What are the prime factors of 123655?
5, 7, 3533
What are the prime factors of 895374?
2, 3, 5527
What are the prime factors of 367355?
5, 73471
List the prime factors of 8345908.
2, 71, 29387
What are the prime factors of 441809?
83, 5323
List the prime factors of 17397730.
2, 5, 7, 19, 103, 127
What are the prime factors of 1351584?
2, 3, 13, 19
What are the prime factors of 544102?
2, 13, 17, 1231
What are the prime factors of 3603786?
2, 3, 600631
List the prime factors of 546201.
3, 60689
What are the prime factors of 6011623?
73, 82351
What are the prime factors of 25628042?
2, 11, 137, 773
What are the prime factors of 3311530?
2, 5, 331153
List the prime factors of 3877554.
2, 3, 646259
List the prime factors of 3092792.
2, 29, 13331
What are the prime factors of 43660?
2, 5, 37, 59
List the prime factors of 2329960.
2, 5, 31, 1879
List the prime factors of 2646830.
2, 5, 29, 9127
What are the prime factors of 25966952?
2, 11, 295079
What are the prime factors of 1862257?
193, 9649
What are the prime factors of 699413?
11, 13, 67, 73
List the prime factors of 243678.
2, 3, 17, 2389
List the prime factors of 1657617.
3, 13, 19, 2237
List the prime factors of 1394007.
3, 23, 89, 227
What are the prime factors of 863104?
2, 11, 613
List the prime factors of 229268.
2, 13, 4409
List the prime factors of 1000986.
2, 3, 7, 23833
List the prime factors of 3428470.
2, 5, 342847
List the prime factors of 5085405.
3, 5, 13, 8693
What are the prime factors of 719363?
227, 3169
What are the prime factors of 184658?
2, 127, 727
What are the prime factors of 209094?
2, 3, 34849
List the prime factors of 72913.
17, 4289
What are the prime factors of 3774912?
2, 3, 19661
List the prime factors of 10448781.
3, 7, 497561
List th